{"id":27,"date":"2024-01-10T14:28:24","date_gmt":"2024-01-10T14:28:24","guid":{"rendered":"https:\/\/www.ctg-cr.com\/?page_id=27"},"modified":"2024-01-10T14:28:24","modified_gmt":"2024-01-10T14:28:24","slug":"capacitaciones","status":"publish","type":"page","link":"https:\/\/www.ctg-cr.com\/index.php\/capacitaciones\/","title":{"rendered":"Capacitaciones"},"content":{"rendered":"<p><strong>En las normas: <\/strong><\/p>\n<p><strong><em>INTE\/ISO 14064-1:2019 Gases de Efecto Invernadero &#8211; Parte 1: Especificaci\u00f3n con orientaci\u00f3n, a nivel de las organizaciones, para la cuantificaci\u00f3n y el informe de las emisiones y remociones de gases de efecto invernadero.<\/em><\/strong><em> Esta norma espec\u00edfica los principios y requisitos para la cuantificaci\u00f3n y el informe de emisiones y remociones de gases de efecto invernadero (GEI) a nivel de la organizaci\u00f3n. Incluye requisitos para el dise\u00f1o, desarrollo, gesti\u00f3n, informe y\/o verificaci\u00f3n del inventario de GEI de una organizaci\u00f3n.<\/em><\/p>\n<p><em>\u00a0<\/em><\/p>\n<p><strong><em>INTE B5:2021 Norma para demostrar la Carbono Neutralidad. Requisitos:<\/em><\/strong><em> Esta norma establece los requisitos que debe cumplir una organizaci\u00f3n para demostrar la carbono neutralidad. Aplica a todo tipo de organizaci\u00f3n, independientemente de su tama\u00f1o, ubicaci\u00f3n geogr\u00e1fica o actividad, que busca mejorar su competitividad mediante su compromiso con el desempe\u00f1o ambiental, reduciendo sus emisiones de GEI.<\/em><\/p>\n<p><em>\u00a0<\/em><\/p>\n<p>Tenemos cursos en modalidad online y capacitaciones a empresas (inhouse)<\/p>\n","protected":false},"excerpt":{"rendered":"<p>En las normas: INTE\/ISO 14064-1:2019 Gases de Efecto Invernadero &#8211; Parte 1: Especificaci\u00f3n con orientaci\u00f3n, a nivel de las organizaciones, para la cuantificaci\u00f3n y el informe de las emisiones y remociones de gases de efecto invernadero. Esta norma espec\u00edfica los principios y requisitos para la cuantificaci\u00f3n y el informe de emisiones y remociones de gases [&hellip;]<\/p>\n","protected":false},"author":1,"featured_media":0,"parent":0,"menu_order":0,"comment_status":"closed","ping_status":"closed","template":"","meta":{"footnotes":""},"class_list":["post-27","page","type-page","status-publish","hentry","post"],"_links":{"self":[{"href":"https:\/\/www.ctg-cr.com\/index.php\/wp-json\/wp\/v2\/pages\/27","targetHints":{"allow":["GET"]}}],"collection":[{"href":"https:\/\/www.ctg-cr.com\/index.php\/wp-json\/wp\/v2\/pages"}],"about":[{"href":"https:\/\/www.ctg-cr.com\/index.php\/wp-json\/wp\/v2\/types\/page"}],"author":[{"embeddable":true,"href":"https:\/\/www.ctg-cr.com\/index.php\/wp-json\/wp\/v2\/users\/1"}],"replies":[{"embeddable":true,"href":"https:\/\/www.ctg-cr.com\/index.php\/wp-json\/wp\/v2\/comments?post=27"}],"version-history":[{"count":1,"href":"https:\/\/www.ctg-cr.com\/index.php\/wp-json\/wp\/v2\/pages\/27\/revisions"}],"predecessor-version":[{"id":29,"href":"https:\/\/www.ctg-cr.com\/index.php\/wp-json\/wp\/v2\/pages\/27\/revisions\/29"}],"wp:attachment":[{"href":"https:\/\/www.ctg-cr.com\/index.php\/wp-json\/wp\/v2\/media?parent=27"}],"curies":[{"name":"wp","href":"https:\/\/api.w.org\/{rel}","templated":true}]}}