{"id":34,"date":"2024-01-10T14:31:25","date_gmt":"2024-01-10T14:31:25","guid":{"rendered":"https:\/\/www.ctg-cr.com\/?page_id=34"},"modified":"2024-01-10T14:31:38","modified_gmt":"2024-01-10T14:31:38","slug":"politicas","status":"publish","type":"page","link":"https:\/\/www.ctg-cr.com\/index.php\/politicas\/","title":{"rendered":"Pol\u00edticas:"},"content":{"rendered":"<p><strong><em><u>POL\u00cdTICA DE CALIDAD<\/u><\/em><\/strong><\/p>\n<p><em>Brindar servicios de calidad que cumplan con los est\u00e1ndares y expectativas de nuestros clientes, con la ayuda de nuestro personal competente, comprometido con la mejora continua, la eficiencia en todos los procesos y la satisfacci\u00f3n de nuestros clientes.<\/em><\/p>\n<p>&nbsp;<\/p>\n<p><strong><em><u>POL\u00cdTICA DE IMPARCIALIDAD <\/u><\/em><\/strong><\/p>\n<p>Nos comprometemos a realizar los servicios de actividades de verificaci\u00f3n fundamentados los principios de independencia, imparcialidad e integridad, de modo que se asegure que las decisiones que se tomen est\u00e9n basadas en evidencias objetivas de conformidad y no estar\u00e1n influenciadas por otros intereses o partes.<\/p>\n<p>&nbsp;<\/p>\n<p><strong><em><u>POL\u00cdTICA DE CONFIDENCIALIDAD <\/u><\/em><\/strong><\/p>\n<p>Nos comprometemos a proteger la confidencialidad y seguridad de la informaci\u00f3n de nuestros clientes, obtenida durante la prestaci\u00f3n de los servicios.<\/p>\n","protected":false},"excerpt":{"rendered":"<p>POL\u00cdTICA DE CALIDAD Brindar servicios de calidad que cumplan con los est\u00e1ndares y expectativas de nuestros clientes, con la ayuda de nuestro personal competente, comprometido con la mejora continua, la eficiencia en todos los procesos y la satisfacci\u00f3n de nuestros clientes. &nbsp; POL\u00cdTICA DE IMPARCIALIDAD Nos comprometemos a realizar los servicios de actividades de verificaci\u00f3n [&hellip;]<\/p>\n","protected":false},"author":1,"featured_media":0,"parent":0,"menu_order":0,"comment_status":"closed","ping_status":"closed","template":"","meta":{"footnotes":""},"class_list":["post-34","page","type-page","status-publish","hentry","post"],"_links":{"self":[{"href":"https:\/\/www.ctg-cr.com\/index.php\/wp-json\/wp\/v2\/pages\/34","targetHints":{"allow":["GET"]}}],"collection":[{"href":"https:\/\/www.ctg-cr.com\/index.php\/wp-json\/wp\/v2\/pages"}],"about":[{"href":"https:\/\/www.ctg-cr.com\/index.php\/wp-json\/wp\/v2\/types\/page"}],"author":[{"embeddable":true,"href":"https:\/\/www.ctg-cr.com\/index.php\/wp-json\/wp\/v2\/users\/1"}],"replies":[{"embeddable":true,"href":"https:\/\/www.ctg-cr.com\/index.php\/wp-json\/wp\/v2\/comments?post=34"}],"version-history":[{"count":1,"href":"https:\/\/www.ctg-cr.com\/index.php\/wp-json\/wp\/v2\/pages\/34\/revisions"}],"predecessor-version":[{"id":36,"href":"https:\/\/www.ctg-cr.com\/index.php\/wp-json\/wp\/v2\/pages\/34\/revisions\/36"}],"wp:attachment":[{"href":"https:\/\/www.ctg-cr.com\/index.php\/wp-json\/wp\/v2\/media?parent=34"}],"curies":[{"name":"wp","href":"https:\/\/api.w.org\/{rel}","templated":true}]}}